What is the greatest common factor of 24 and 120?
24
Calculate the greatest common divisor of 18 and 288.
18
What is the highest common divisor of 183 and 854?
61
Calculate the greatest common factor of 732 and 57.
3
What is the greatest common factor of 180 and 96?
12
Calculate the greatest common divisor of 232 and 406.
58
Calculate the greatest common factor of 39809 and 77.
77
What is the greatest common factor of 2405 and 1665?
185
Calculate the highest common factor of 1212 and 12.
12
Calculate the greatest common divisor of 4 and 75.
1
Calculate the highest common divisor of 180 and 243.
9
Calculate the highest common factor of 9231 and 102.
51
Calculate the greatest common factor of 25 and 5325.
25
What is the highest common divisor of 17 and 45169?
17
Calculate the greatest common factor of 819 and 1443.
39
Calculate the highest common factor of 20 and 1440.
20
Calculate the highest common factor of 2 and 12.
2
Calculate the highest common factor of 110 and 440.
110
What is the highest common factor of 6620 and 20?
20
Calculate the greatest common divisor of 754 and 58.
58
What is the highest common factor of 1938 and 102?
102
Calculate the highest common divisor of 64 and 9488.
16
Calculate the greatest common divisor of 13 and 5.
1
Calculate the highest common factor of 48 and 7608.
24
Calculate the highest common divisor of 48 and 912.
48
What is the highest common divisor of 2 and 3786?
2
Calculate the highest common factor of 1769 and 667.
29
What is the greatest common factor of 62007 and 33?
33
What is the greatest common divisor of 3 and 1779?
3
Calculate the greatest common factor of 88776 and 162.
162
Calculate the greatest common factor of 10073 and 7.
7
Calculate the highest common divisor of 114 and 29640.
114
Calculate the highest common factor of 4511 and 26.
13
Calculate the greatest common factor of 68 and 14.
2
Calculate the highest common divisor of 350 and 17080.
70
Calculate the greatest common factor of 21159 and 9.
9
What is the highest common divisor of 11 and 1?
1
What is the greatest common factor of 30 and 1475?
5
What is the highest common factor of 1085 and 140?
35
What is the greatest common divisor of 30 and 9390?
30
What is the highest common factor of 1060 and 106?
106
What is the greatest common divisor of 3683 and 116?
29
Calculate the greatest common factor of 11158 and 14.
14
What is the greatest common factor of 2907 and 918?
153
What is the greatest common factor of 52 and 299?
13
Calculate the highest common factor of 20 and 8570.
10
What is the greatest common factor of 100 and 1075?
25
Calculate the highest common factor of 266 and 21.
7
What is the greatest common factor of 1098 and 2318?
122
What is the greatest common factor of 207 and 23?
23
What is the highest common divisor of 7981 and 115?
23
What is the highest common divisor of 76 and 418?
38
Calculate the highest common factor of 40 and 30.
10
What is the highest common factor of 26 and 351?
13
What is the highest common divisor of 122 and 7?
1
Calculate the greatest common factor of 868 and 28.
28
What is the greatest common divisor of 5576 and 136?
136
Calculate the greatest common divisor of 26 and 39.
13
Calculate the greatest common factor of 87 and 1392.
87
Calculate the highest common divisor of 2247 and 107.
107
What is the highest common factor of 1 and 1522?
1
Calculate the highest common divisor of 38 and 21337.
19
What is the greatest common factor of 325 and 50?
25
What is the greatest common divisor of 37 and 592?
37
What is the greatest common factor of 552 and 1564?
92
What is the highest common divisor of 62 and 775?
31
Calculate the greatest common divisor of 56 and 10724.
28
What is the highest common factor of 204 and 544?
68
What is the highest common factor of 8348 and 4?
4
What is the highest common divisor of 425 and 595?
85
Calculate the greatest common factor of 84 and 5208.
84
What is the highest common factor of 56095 and 65?
65
Calculate the greatest common divisor of 249 and 166.
83
What is the greatest common factor of 33 and 17171?
11
What is the greatest common factor of 23 and 161?
23
What is the highest common divisor of 2896 and 48?
16
What is the highest common divisor of 200 and 12?
4
Calculate the greatest common factor of 117 and 18.
9
What is the greatest common divisor of 1209 and 2232?
93
What is the greatest common divisor of 13207 and 281?
281
Calculate the highest common divisor of 690 and 6325.
115
Calculate the highest common divisor of 30 and 78.
6
Calculate the highest common divisor of 105 and 35.
35
Calculate the greatest common divisor of 12665 and 10.
5
Calculate the highest common factor of 54 and 54.
54
Calculate the highest common divisor of 80 and 240.
80
Calculate the highest common factor of 120 and 4440.
120
What is the highest common factor of 108 and 6504?
12
What is the greatest common factor of 81 and 1431?
27
Calculate the highest common divisor of 160 and 192.
32
What is the greatest common factor of 781 and 44?
11
What is the highest common factor of 14 and 5586?
14
What is the highest common factor of 117690 and 30?
30
Calculate the greatest common divisor of 424 and 371.
53
What is the greatest common factor of 6137 and 17?
17
What is the greatest common factor of 85 and 34?
17
What is the greatest common divisor of 247 and 26?
13
What is the greatest common factor of 117 and 45?
9
What is the greatest common factor of 12 and 20172?
12
Calculate the highest common divisor of 4630 and 10.
10
What is the highest common divisor of 324 and 360?
36
Calculate the highest common factor of 18 and 90.
18
Calculate the greatest common factor of 168 and 147.
21
What is the greatest common factor of 80 and 140?
20
What is the highest common divisor of 69397 and 29?
29
Calculate the highest common factor of 2032 and 496.
16
What is the greatest common factor of 12 and 772?
4
What is the greatest common divisor of 64 and 1824?
32
Calculate the highest common divisor of 161 and 1127.
161
What is the greatest common divisor of 4 and 3412?
4
Calculate the highest common factor of 39 and 221.
13
What is the highest common factor of 255 and 105?
15
What is the greatest common factor of 252 and 63?
63
Calculate the greatest common divisor of 120 and 4440.
120
What is the greatest common divisor of 2512 and 785?
157
Calculate the highest common factor of 876 and 12.
12
Calculate the highest common divisor of 98 and 1862.
98
What is the highest common divisor of 157 and 85722?
157
What is the greatest common factor of 69 and 6?
3
Calculate the highest common factor of 26 and 2.
2
What is the highest common divisor of 8603 and 28?
7
Calculate the greatest common divisor of 64 and 24.
8
Calculate the highest common factor of 18 and 45.
9
What is the greatest common divisor of 3434 and 34?
34
Calculate the highest common divisor of 99 and 11715.
33
Calculate the greatest common divisor of 10701 and 82.
41
Calculate the highest common factor of 16296 and 56.
56
What is the greatest common divisor of 335 and 10?
5
Calculate the highest common factor of 2094 and 14.
2
What is the highest common divisor of 8 and 488?
8
Calculate the greatest common factor of 1512 and 728.
56
What is the greatest common divisor of 9 and 36513?
9
What is the highest common divisor of 708 and 12508?
236
Calculate the greatest common divisor of 42 and 426.
6
What is the highest common factor of 8 and 10?
2
What is the greatest common factor of 16 and 848?
16
Calculate the greatest common factor of 153 and 4386.
51
Calculate the greatest common divisor of 6233 and 271.
271
Calculate the highest common factor of 912 and 240.
48
Calculate the highest common factor of 243 and 189.
27
What is the highest common divisor of 1605 and 240?
15
Calculate the greatest common factor of 124 and 558.
62
Calculate the greatest common divisor of 6522 and 12.
6
What is the greatest common divisor of 1875 and 225?
75
Calculate the highest common divisor of 286 and 1170.
26
Calculate the highest common divisor of 255 and 3723.
51
What is the highest common factor of 684 and 36?
36
Calculate the greatest common factor of 12 and 1914.
6
Calculate the highest common factor of 385 and 165.
55
Calculate the highest common factor of 3